 are the prime factors of q(-3)?
2, 3, 5
Let r(o) = 3*o**2 + 0*o**2 - 2*o**2 - o + 0*o**2 - 1. Let s(k) = 2*k**2. Let q(t) = r(t) + s(t). What are the prime factors of q(-2)?
13
List the prime factors of (2 + -3)/((-3)/318).
2, 53
Let c(w) = 3*w**2 + 16*w + 4. What are the prime factors of c(-7)?
3, 13
Let q = -2 - -9. Suppose -t - 4*a + 4 = 0, q*t - 28 = 4*t + 4*a. Let k = 10 - t. List the prime factors of k.
2
Let l(f) = 5*f**3 - 2*f - 25*f**3 - 7 + 3 + 2. What are the prime factors of l(-1)?
2, 5
Let k(f) = f**2 - 5*f + 4. Let c be k(5). Let z = 3 + -1. Suppose 0 = 2*a - 0*n + n - 22, -z*a + 16 = c*n. List the prime factors of a.
2, 3
Let u = -14 + 73. What are the prime factors of u?
59
Let s(x) = -x**2 + 10*x - 8. Let r(b) = b**3 + 3*b**2 - 6*b + 3. Let m be r(-5). Let l = -9 - m. What are the prime factors of s(l)?
2
Suppose 9*c - 385 = 758. List the prime factors of c.
127
Suppose 0 = -2*s - 3*s - 3*w + 612, 0 = 4*s - 2*w - 494. List the prime factors of s.
3, 41
Let x = -3 - -9. Suppose m + x = 13. List the prime factors of m.
7
Suppose 2 = -2*w + 12. Let c = w + -1. List the prime factors of c.
2
Let h(v) = -v**3 + 9*v**2 - 6*v + 10. Let z = -10 - -18. List the prime factors of h(z).
2, 13
Let n = -12 - -32. List the prime factors of n.
2, 5
Let a(z) = z**3 - 12*z**2 + 11*z + 4. Let o be a(11). List the prime factors of 99/12 + 3/o.
3
Suppose 2*n + 16 - 71 = x, -x + 45 = 2*n. What are the prime factors of n?
5
Let t(j) be the third derivative of -3*j**2 + 2/3*j**3 + 1/3*j**4 + 0*j - 1/60*j**5 + 0. What are the prime factors of t(7)?
11
Let f = 88 + -47. Suppose 2*q = -x + f, 33 = x - 0*q - 2*q. List the prime factors of x.
37
Let q(j) = -6*j**3 - 3 - 2 - 1 + 5. Let w be ((0 - -2) + -3)*1. List the prime factors of q(w).
5
Let a(h) = -3*h - 9. List the prime factors of a(-18).
3, 5
Suppose -5 = -i - 4*l + l, -2*l = 0. Let x be (-968)/(-2) + -4 + i. List the prime factors of x/55 - (-4)/22.
3
Suppose 3*z - 8 - 19 = 0. List the prime factors of z.
3
Let x = 6 + -12. Let d = x - -10. Suppose 0 = -4*a, y - d*a = -1 + 3. What are the prime factors of y?
2
Suppose -4*s + 145 = -67. List the prime factors of s.
53
List the prime factors of 71*(-1 + 8 + -4).
3, 71
Suppose 0*j + 15 = 3*j. Suppose d - 11 = j. Let v = d + -2. List the prime factors of v.
2, 7
Let u = -15 + 7. Let f = 1 - u. Suppose 7*x - 4*x = f. List the prime factors of x.
3
Let q(o) = -o + 1. Let f(r) = -2*r**2 - r. Let n(k) = -f(k) - 5*q(k). List the prime factors of n(-5).
3, 5
Suppose 4*w - 3*h = 290, -5*w - 2*h + 349 = h. Suppose r - 2*o = 18, -w = -5*r - o + 19. List the prime factors of r.
2, 3
Let j be 0 + 2 - -1 - 0. Suppose -4 - 2 = -j*c. What are the prime factors of c/2*(3 + 0)?
3
Let p be (-2)/(-7) + 928/(-14). List the prime factors of (-9)/(3 + p/20).
2, 3, 5
Let i = 32 + 6. What are the prime factors of i?
2, 19
Suppose 5 = -2*g + 3*g - f, -2*g - 5*f = 11. Let l be (g/(-6))/((-3)/27). Suppose 5*q + 9 = -5*w - 6, 19 = 2*q - l*w. What are the prime factors of q?
2
Suppose -2 = -2*z - 14. List the prime factors of (-208)/39*z/1.
2
Let j(g) = g**2 + 4*g + 7. List the prime factors of j(7).
2, 3, 7
Suppose -u + 3*c - 12 + 127 = 0, 4*u - 415 = 3*c. What are the prime factors of u?
2, 5
Suppose -v = -2*j - 0*v + 41, -85 = -5*j - v. Let q = j + -10. What are the prime factors of q?
2
What are the prime factors of ((-33)/(-44))/(1/148) + 3?
2, 3, 19
Suppose 0 = 2*k - 0*h + 4*h + 12, -3*k + 2*h = 18. Let q be (-24)/2*4/6. Let s = k - q. What are the prime factors of s?
2
Suppose -m = -x + 12, 5*m - 4*m = 3*x - 8. Let v be m + (0 - -1) - 2. Let w = 25 + v. What are the prime factors of w?
2, 5
Let j(b) = -3*b**2 + 12*b - 11. Let d be j(7). Let y = -37 - d. What are the prime factors of y?
37
Let q(x) = x - 1. Let a be q(3). Let g = 12 + a. List the prime factors of g.
2, 7
Let b = -17 - -92. What are the prime factors of b?
3, 5
Let o be 3 - (-1)/2*-8. List the prime factors of ((-60)/25)/(o/20).
2, 3
Let l = 5 + 0. Let i = 8 - l. Suppose -i*w + 40 = w. What are the prime factors of w?
2, 5
Suppose 0 = -5*a - 0*a + 15. Let y be ((-16)/a)/(-4)*3. List the prime factors of 6/y*(1 - -1).
3
Let y(x) = -4*x + 8. Let r be y(-15). Suppose -r = -4*w - 0. List the prime factors of w.
17
Suppose 2*l = 3*l - 5, 5*j - 4*l = 255. What are the prime factors of j?
5, 11
Let n = 4 + 1. Suppose 0 = -n*s + 4*v, 0 = 2*s + 3*v - 8*v. Let o = 4 - s. List the prime factors of o.
2
Let k(u) = u**2 - 2*u + 1. Let l be k(1). Suppose l = -v - 0*v + 6. What are the prime factors of (-84)/(-10) - v/15?
2
Let b(y) = -4*y**2 - y + 9. Let w(g) = g**2 + 1. Let j(n) = b(n) + 5*w(n). Let h(d) = d + 7. Let l be h(-7). List the prime factors of j(l).
2, 7
Let x = -40 - -109. What are the prime factors of x?
3, 23
Let i(y) = -y**2 + 2*y + 106. What are the prime factors of i(0)?
2, 53
Let b(r) = r**3 + r**2 - r + 1. Let t be b(1). Suppose 2*g + g + 11 = 2*u, -4*u + 18 = -t*g. Let s(o) = -5*o**3 - o. List the prime factors of s(g).
2, 3
Suppose -3*o = -5*h - 144, 0 = h + 2*o - o + 24. Let f = h - -58. What are the prime factors of f?
31
Suppose 0 = -3*f - 2 + 5. List the prime factors of (-2)/f*6/(-1).
2, 3
Suppose 2*w = -5*n + 410, 6*n = w + n - 175. List the prime factors of w.
3, 5, 13
List the prime factors of 1*2/(-3) + (-6540)/(-90).
2, 3
List the prime factors of 2/20 - 1978/(-20).
3, 11
Let d = 886 - 530. What are the prime factors of d?
2, 89
Let t be 57/(-5) + (-21)/35. Let o = t - -38. What are the prime factors of o?
2, 13
Let u be (-4 - -2)/1 + 6. Let m = u - 0. Suppose 6*q - 20 = m*q. What are the prime factors of q?
2, 5
Let t(j) = -2*j - 5. Suppose -2*q - 3 = 5. Let d be t(q). Suppose 2*m - 11 = d. What are the prime factors of m?
7
Let c be (1 - 1)/((-4)/(-2)). Let f be 3 - (c + -5)*-1. Let z(u) = 2*u**2 - 2*u - 1. List the prime factors of z(f).
11
Let y be 110 - 6/9*-3. List the prime factors of (6/(-4))/((-24)/y).
7
Let k = -30 + 9. What are the prime factors of (-6)/21 + (-258)/k?
2, 3
Suppose -v - 3*a = 2 + 2, -v + 5*a + 28 = 0. Let r = v - 6. Let b = r - -3. List the prime factors of b.
5
Let h(l) = -l**2 - 8*l + 2. Let g be h(-8). Let n be 6/(-33) + g/11. Suppose n = 5*u - 5*x - 45, u = -2*x - 2*x + 4. What are the prime factors of u?
2
Let q(l) = -2*l**2 - 2*l + 242. List the prime factors of q(0).
2, 11
Suppose -5*v + 3*o = -0*o + 75, -5*o = 0. List the prime factors of 6/v*(-53 + 3).
2, 5
Let h = 77 - 40. What are the prime factors of h?
37
Let u = 53 + -31. Suppose 3*r - 4*s = u, 2 = -s - 2. List the prime factors of r.
2
Suppose 44 - 18 = r. Suppose f - r = -f. List the prime factors of f.
13
Let z = -13 + 13. Suppose z = 3*k + 3*t + t - 74, t = 4*k - 124. List the prime factors of k.
2, 3, 5
Let c(s) = -s**2 + 28*s - 14. What are the prime factors of c(12)?
2, 89
Suppose 2*k = z + z - 72, -5*z = -3*k - 188. What are the prime factors of z?
2, 5
Suppose 8*r - 240 + 0 = 0. What are the prime factors of r?
2, 3, 5
Suppose 2*k = 4*l - 518, -5*l = -5*k + 2*k - 645. What are the prime factors of l?
2, 3, 11
Suppose -2*p - 19 - 41 = -v, 3*v = -4*p + 200. What are the prime factors of v?
2
Let q = 20 - 17. Suppose 0 = q*g - 10 - 23. List the prime factors of g.
11
Let d = -10 + 12. List the prime factors of 12*2 - 1 - d.
3, 7
Let f(s) be the third derivative of -s**4/4 + s**3/2 + 2*s**2. Let n be f(2). Let l = n - -14. What are the prime factors of l?
5
List the prime factors of 0 + 13 - 1/((-4)/(-8)).
11
Suppose -2*v = -4*v + 6. Suppose -3*t + a + 124 = 0, -t - v*a + 14 + 24 = 0. List the prime factors of t.
41
Let p = 9 + -5. List the prime factors of (14 - -2)*5/p.
2, 5
Suppose -10 = 3*x - 8*x. Suppose -x*h + 3*h = 4. What are the prime factors of h?
2
Let l be (-12)/1*(-8)/3. Let i = -30 - -49. Let j = l - i. List the prime factors of j.
13
What are the prime factors of (-3)/(-4)*4 - -27?
2, 3, 5
Suppose 0 = -x + 5*x - 240. Suppose 0*c + x = 4*c. List the prime factors of c.
3, 5
Suppose 2 + 55 = j - 2*o, 5*j - 5*o = 275. What are the prime factors of j?
53
Let j = 6 + -1. Let f = j + -6. List the prime factors of (3 - 1)/(f/(-6)).
2, 3
What are the prime factors of -2 - -110 - (4 - 4)?
2, 3
Suppose 10 = 2*q + m, m + 14 = 4*q - 0. Suppose -3*u + q*f = -f + 73, -4*u + f = 69. Let 